is divided by 10?
6
Calculate the remainder when 393 is divided by 107.
72
What is the remainder when 251 is divided by 23?
21
What is the remainder when 135 is divided by 14?
9
Calculate the remainder when 629 is divided by 5.
4
What is the remainder when 1532 is divided by 25?
7
Calculate the remainder when 89 is divided by 19.
13
What is the remainder when 486 is divided by 95?
11
Calculate the remainder when 471 is divided by 7.
2
What is the remainder when 64 is divided by 8?
0
Calculate the remainder when 1953 is divided by 244.
1
What is the remainder when 638 is divided by 160?
158
What is the remainder when 2578 is divided by 68?
62
Calculate the remainder when 95 is divided by 21.
11
Calculate the remainder when 28 is divided by 17.
11
What is the remainder when 366 is divided by 139?
88
Calculate the remainder when 123 is divided by 63.
60
What is the remainder when 77 is divided by 25?
2
What is the remainder when 917 is divided by 18?
17
What is the remainder when 589 is divided by 27?
22
Calculate the remainder when 3661 is divided by 6.
1
Calculate the remainder when 6290 is divided by 30.
20
What is the remainder when 22 is divided by 18?
4
Calculate the remainder when 39593 is divided by 521.
518
What is the remainder when 265 is divided by 157?
108
Calculate the remainder when 17297 is divided by 6.
5
Calculate the remainder when 6510 is divided by 133.
126
What is the remainder when 24 is divided by 22?
2
Calculate the remainder when 337 is divided by 38.
33
Calculate the remainder when 140 is divided by 36.
32
Calculate the remainder when 851 is divided by 11.
4
What is the remainder when 356 is divided by 5?
1
What is the remainder when 225 is divided by 57?
54
Calculate the remainder when 314 is divided by 32.
26
What is the remainder when 1205 is divided by 64?
53
What is the remainder when 9722 is divided by 25?
22
What is the remainder when 1852 is divided by 3?
1
Calculate the remainder when 384 is divided by 97.
93
Calculate the remainder when 1118 is divided by 14.
12
What is the remainder when 4920 is divided by 29?
19
What is the remainder when 81 is divided by 9?
0
Calculate the remainder when 1270 is divided by 24.
22
What is the remainder when 110 is divided by 42?
26
What is the remainder when 931 is divided by 231?
7
What is the remainder when 170 is divided by 6?
2
Calculate the remainder when 89 is divided by 35.
19
What is the remainder when 913 is divided by 8?
1
Calculate the remainder when 135 is divided by 30.
15
Calculate the remainder when 665 is divided by 84.
77
What is the remainder when 5818 is divided by 11?
10
Calculate the remainder when 2739 is divided by 88.
11
What is the remainder when 262 is divided by 33?
31
What is the remainder when 87 is divided by 48?
39
Calculate the remainder when 36 is divided by 21.
15
What is the remainder when 965 is divided by 88?
85
What is the remainder when 3622 is divided by 125?
122
What is the remainder when 3067 is divided by 3062?
5
What is the remainder when 235 is divided by 34?
31
Calculate the remainder when 68 is divided by 29.
10
Calculate the remainder when 111 is divided by 61.
50
Calculate the remainder when 666 is divided by 134.
130
What is the remainder when 355 is divided by 40?
35
What is the remainder when 535 is divided by 165?
40
What is the remainder when 1160 is divided by 164?
12
Calculate the remainder when 1473 is divided by 134.
133
What is the remainder when 668 is divided by 10?
8
What is the remainder when 3239 is divided by 15?
14
Calculate the remainder when 1578 is divided by 198.
192
Calculate the remainder when 371 is divided by 17.
14
Calculate the remainder when 40798 is divided by 51.
49
Calculate the remainder when 374 is divided by 19.
13
Calculate the remainder when 279 is divided by 89.
12
Calculate the remainder when 773 is divided by 98.
87
What is the remainder when 663 is divided by 29?
25
What is the remainder when 1532 is divided by 26?
24
What is the remainder when 4438 is divided by 222?
220
What is the remainder when 81 is divided by 12?
9
What is the remainder when 294 is divided by 20?
14
Calculate the remainder when 57 is divided by 24.
9
What is the remainder when 917 is divided by 180?
17
What is the remainder when 48 is divided by 30?
18
What is the remainder when 124 is divided by 16?
12
What is the remainder when 281 is divided by 16?
9
Calculate the remainder when 266 is divided by 54.
50
What is the remainder when 28 is divided by 16?
12
Calculate the remainder when 151 is divided by 22.
19
Calculate the remainder when 282 is divided by 21.
9
Calculate the remainder when 152 is divided by 35.
12
What is the remainder when 45 is divided by 16?
13
Calculate the remainder when 100 is divided by 14.
2
Calculate the remainder when 79 is divided by 8.
7
Calculate the remainder when 566 is divided by 31.
8
Calculate the remainder when 1680 is divided by 39.
3
Calculate the remainder when 549 is divided by 274.
1
What is the remainder when 171 is divided by 22?
17
What is the remainder when 464 is divided by 402?
62
What is the remainder when 307 is divided by 62?
59
What is the remainder when 168 is divided by 34?
32
Calculate the remainder when 1935 is divided by 121.
120
Calculate the remainder when 636 is divided by 23.
15
What is the remainder when 199 is divided by 53?
40
What is the remainder when 9227 is divided by 2?
1
Calculate the remainder when 13130 is divided by 134.
132
What is the remainder when 10713 is divided by 76?
73
What is the remainder when 53 is divided by 29?
24
What is the remainder when 1459 is divided by 20?
19
What is the remainder when 33262 is divided by 198?
196
Calculate the remainder when 785 is divided by 346.
93
What is the remainder when 7103 is divided by 37?
36
What is the remainder when 497 is divided by 163?
8
Calculate the remainder when 790 is divided by 55.
20
Calculate the remainder when 684 is divided by 224.
12
What is the remainder when 369 is divided by 37?
36
What is the remainder when 100 is divided by 40?
20
What is the remainder when 3327 is divided by 1106?
9
Calculate the remainder when 21 is divided by 5.
1
What is the remainder when 2577 is divided by 45?
12
Calculate the remainder when 268 is divided by 39.
34
Calculate the remainder when 174 is divided by 51.
21
Calculate the remainder when 187 is divided by 38.
35
What is the remainder when 136 is divided by 30?
16
Calculate the remainder when 78 is divided by 39.
0
What is the remainder when 35262 is divided by 116?
114
Calculate the remainder when 2572 is divided by 854.
10
Calculate the remainder when 10035 is divided by 10.
5
What is the remainder when 86 is divided by 8?
6
Calculate the remainder when 956 is divided by 161.
151
Calculate the remainder when 811 is divided by 48.
43
What is the remainder when 2223 is divided by 42?
39
Calculate the remainder when 70 is divided by 19.
13
What is the remainder when 632 is divided by 154?
16
Calculate the remainder when 2060 is divided by 94.
86
What is the remainder when 96 is divided by 49?
47
What is the remainder when 811 is divided by 197?
23
Calculate the remainder when 159 is divided by 49.
12
Calculate the remainder when 94 is divided by 22.
6
What is the remainder when 515 is divided by 15?
5
What is the remainder when 282 is divided by 142?
140
What is the remainder when 3853 is divided by 82?
81
Calculate the remainder when 136 is divided by 31.
12
What is the remainder when 109 is divided by 37?
35
What is the remainder when 38 is divided by 8?
6
What is the remainder when 23279 is divided by 31?
29
What is the remainder when 418 is divided by 20?
18
What is the remainder when 251 is divided by 42?
41
Calculate the remainder when 1237 is divided by 209.
192
What is the remainder when 299 is divided by 30?
29
Calculate the remainder when 136 is divided by 46.
44
Calculate the remainder when 378 is divided by 20.
18
Calculate the remainder when 827 is divided by 13.
8
What is the remainder when 1273 is divided by 13?
12
Calculate the remainder when 317 is divided by 20.
17
Calculate the remainder when 376 is divided by 27.
25
What is the remainder when 128 is divided by 56?
16
What is the remainder when 3062 is divided by 153?
2
